 What is the greatest common factor of k and 8?
1
Let a be 12250/25 + 171/9. Calculate the highest common factor of a and 4.
1
Suppose -5*b + z - 10797 = -33591, 0 = 3*z - 18. Calculate the greatest common factor of b and 2052.
228
Let x = -2189 - -2686. Calculate the highest common factor of x and 4757.
71
Let x be (18 + 0)/2 + 1. Suppose 0 = -25*d + 24*d + 3. Suppose -4*q = l - 2*q - 28, -d*l + 72 = 3*q. Calculate the greatest common factor of l and x.
10
Suppose -4*w - 5*c = -1167, 4*w - 881 = w + 2*c. Suppose -17*s + w = 89. What is the greatest common divisor of 204 and s?
12
Suppose 5*u - 5*w = 775, -2*u - 3*w + 285 + 50 = 0. Suppose -17*h - u = -449. What is the highest common factor of 170 and h?
17
Let i = 275 - 267. Suppose 5*o - i*o = -2139. Calculate the greatest common factor of 23 and o.
23
Let k(l) = -40*l**2 + 1459*l + 154. Let u be k(35). What is the highest common divisor of 21 and u?
7
Suppose 3870 = 271*p - 261*p. Calculate the greatest common factor of p and 2537.
43
Let i = -20 + 30. Let a = 535 + -437. Let m = a + i. What is the greatest common factor of m and 12?
12
Let x = 247 - 193. Let c be (6/(-5))/((-16)/320). Suppose c*z + 270 = 29*z. What is the highest common factor of z and x?
54
Suppose 12 = -2*g + 4, 2*n - 120 = 2*g. Let i(z) = 3*z**3 + 34*z**2 + 68*z - 21. Let x be i(-7). Calculate the highest common divisor of n and x.
28
Suppose -16 = 6*s - 46. Suppose -g + 0*g = 3*c - 49, 0 = -g - s*c + 39. What is the greatest common factor of g and 4?
4
Suppose -18*u = -8*u - 2550. Suppose 248*r + 350 = u*r. Calculate the highest common divisor of r and 350.
50
Let y(c) = c**3 + 7*c**2 + 8*c + 17. Let u be y(-7). Let j be 12/18*(0 + u). Let d = j + 32. Calculate the highest common factor of 42 and d.
6
Let h = 16483 - 14515. Calculate the highest common divisor of 240 and h.
48
Let b(c) = c**3 + 80*c**2 + 140*c - 64. Let v be b(-78). Calculate the highest common factor of v and 192.
32
Let q(r) = r**3 - 6*r**2 + 2*r - 11. Let h be q(6). Let x be (h + -2)/((1 - 5)/(-76)). Let g = 71 + x. What is the greatest common factor of 26 and g?
26
Suppose -4*y = 239 + 525. Let r = 199 + y. Calculate the greatest common divisor of r and 104.
8
Let i be (-3)/15 + 4 + 108/(-10). Let r be 42/i*10/(-4). Let g be 209/2 + 2/4. What is the highest common factor of r and g?
15
Let h(s) = -23*s + 1521. Let n be h(66). Calculate the highest common factor of n and 524.
1
Suppose -1173 + 33898 = -0*p + 11*p. Calculate the greatest common divisor of 7 and p.
7
Let q = -103 - -51. Let w = 69 + q. Let m(k) = 4*k**2 - k - 2. Let c be m(6). What is the greatest common factor of w and c?
17
Let b be 960/9 - (10/15)/1. Suppose 1309 = 5*v - 4*s, v - s - s = 257. What is the highest common factor of v and b?
53
Let m be (-199)/1*(2 + 220/(-10) + 9). What is the greatest common divisor of 1791 and m?
199
Let r = 99 + -72. Let l be (-324)/((-4)/(-26) + (-517)/572). Calculate the greatest common divisor of r and l.
27
Suppose -9*b - 64 = -13*b. Suppose -5*o = b*o - 651. Calculate the greatest common divisor of 558 and o.
31
Let h(a) be the second derivative of -32*a**3/3 - 33*a**2 + 163*a. Let f be h(-3). What is the greatest common factor of 14 and f?
14
Let d(u) = -2*u**2 + 46*u + 51. Let o be d(24). Let p be 119 + (9/3)/o. What is the highest common factor of 15 and p?
15
Let m(a) = -2*a**3 - 7*a**2 - 24*a - 179. Let i be m(-15). Calculate the highest common factor of i and 52.
52
Let o = 5693 + -5564. What is the greatest common divisor of 9159 and o?
129
Suppose 5*x = z + 1103, -3*z + 667 = 3*x - z. Suppose -r = -3*u - 2*u + 174, -5*r = u - 14. Calculate the greatest common factor of u and x.
17
Let h = -2234 + 3455. What is the greatest common divisor of 66 and h?
33
Let o be (-96)/(-40)*-41*(-90)/4. What is the greatest common divisor of o and 54?
54
Let s be (10/(-8) - 1)/(21/(-140)). Let z be 30/225 - (-148)/s. Let c be ((-12)/10)/((-4)/200*4). What is the highest common divisor of z and c?
5
Let m be ((-4)/(-6))/((-2)/(-27)). Suppose -3*s + 12 = -m. Let n = 97 - 34. Calculate the greatest common factor of s and n.
7
Let v(m) = -25*m + 204. Let i be v(8). Let q(z) = 11*z - 37. Let o be q(i). Calculate the greatest common divisor of 217 and o.
7
Let l = -60 - -53. Let y(k) = 6*k + 35. Let h be y(l). Let g = 21 - h. Calculate the highest common divisor of 112 and g.
28
Let v = -303 + 320. Suppose 12*i = v*i - u - 88, i - 2*u - 14 = 0. Calculate the greatest common factor of i and 450.
18
Let b(z) = 14*z**2 + 2*z - 2. Suppose -4 = -t - 6. Let u be b(t). Let y = u - 46. What is the greatest common divisor of 2 and y?
2
Suppose 3*n - 3*y = 2388, -29*n + 2*y = -30*n + 808. What is the highest common factor of 32 and n?
32
Let u(y) = -y**3 - 5*y**2 + 9*y + 18. Let p be u(-6). Suppose p = -17*r + 64 + 21. Calculate the highest common divisor of r and 25.
5
Suppose 0 = -5*o - 0*o + 375. Suppose 0*w = -5*h - w, -5*h = 2*w. Let m be 4 + (-1 + h)*99/(-9). What is the highest common factor of m and o?
15
Let w be 980 - (-3 - -1)*-4. Suppose 15*u - w = -12*u. What is the highest common divisor of u and 198?
18
Let u be 1 + (-1)/4 - 31/(-496)*468. What is the highest common factor of u and 810?
30
Let t be (-4)/(-2)*5525/10. Suppose 5*p - 335 = t. Let r(f) = -13*f**2 - 349*f + 90. Let x be r(-27). Calculate the greatest common divisor of p and x.
36
Suppose -7*f + 16*f - 180 = 0. Let l be (594/55)/(6/f). Let h be -6*(5 - -1)*-3. What is the greatest common factor of l and h?
36
Let w = 2 - 4. Let k be (w + 4 - -2) + -1. Suppose 15 + 3 = k*v. Calculate the greatest common divisor of v and 54.
6
Suppose 4*q + 0*q - 12 = 0. Suppose 0 = q*i + 3*i - 36. Let x be (1/2)/((-1)/(-48)). Calculate the greatest common divisor of x and i.
6
Let r be ((-2)/(-3))/((-2)/(-144)). Suppose -4*z + 66 = 2*w, -3*z - 18 + 51 = -4*w. Let h be 420/z*(-12)/(-21). Calculate the greatest common factor of r and h.
16
Suppose 0 = -5*r + 616 - 501. What is the highest common factor of r and 2392?
23
Suppose -d - d = h + 3, 5*h = 4*d + 13. Let w = 115 + d. Let g = w - 111. What is the highest common factor of 6 and g?
2
Suppose -5*h - 5 = -4*h. Let t be h/(105/6) + 132/21. Suppose 0 = -5*a + 4 + t. What is the highest common divisor of a and 1?
1
Let g = 6597 + -6495. Let o = -10 + 13. What is the highest common factor of g and o?
3
Let m(h) = -1208*h + 161. Let o be m(0). Calculate the highest common factor of 3427 and o.
23
Let q = 57154 + -56882. Let n = 4 + 30. What is the greatest common divisor of n and q?
34
Suppose 21*g = 16*g + 3*y + 60, -15 = 3*y. What is the highest common factor of 2628 and g?
9
Let q = 7130 + -7121. Calculate the greatest common factor of q and 4617.
9
Let v be 459 - ((-13)/3 - (-30)/(-45)). Suppose -4*l + s + v = 3*s, 0 = -s + 4. Calculate the highest common divisor of l and 152.
38
Let t be -4*(3/(-1) + 9/1). Let l be ((-234)/(-24))/((-18)/t). Calculate the greatest common factor of l and 299.
13
Let n(g) = 149*g**2 + 4*g - 5. Let c be n(2). Suppose -2*w = -21 - c. Let d = 84 - 53. What is the greatest common factor of d and w?
31
Let l be (-7180)/(-150) + 6/45. Suppose -5*z + 5 = 0, -226 = t - 3*t - 2*z. Calculate the greatest common factor of t and l.
16
Let d be (-4)/(-7 - -1 - (-1240)/217). Suppose p = 3*h + 37, 4*p + 2*h - 206 = -2. Calculate the greatest common factor of p and d.
7
Suppose -2*z = 2*w - 536 + 98, -3*w = -2*z - 682. What is the highest common factor of w and 168?
56
Let u = 15121 - 10276. What is the highest common divisor of 171 and u?
57
Suppose -29*j - c - 306 = -31*j, -2*c = -2*j + 300. Calculate the greatest common divisor of 338 and j.
26
Let p be ((-66)/55)/(4/(-2540)). Calculate the greatest common divisor of p and 6.
6
Let k be 3/(-4) + (-82946)/(-536). Calculate the greatest common divisor of k and 3850.
154
Suppose -8*d = 69*d - 115346. Calculate the highest common factor of d and 84.
14
Suppose -2*c - 10 = 0, 0 = -6*k + 3*k + 2*c + 310. What is the greatest common factor of k and 1250?
50
Let w be (3 - -1)*-6*15/(-6). Let g(f) = 19*f + 4 + f**3 - 18*f**2 + 0*f**3 - 2*f**3. Let o be g(-19). What is the greatest common divisor of w and o?
4
Let x(b) = -b**3 - b**2 - 22*b - 120. Let i be x(-5). Calculate the highest common div